 a?
125b432
In base 8, what is 5 + -21260466?
-21260461
In base 12, what is -9028 - -8ab?
-8339
In base 8, what is -12267307 + 2?
-12267305
In base 2, what is 110110 - -1100101011011010?
1100101100010000
In base 10, what is 98444 + 43?
98487
In base 2, what is 11 - -100110001100001111001110?
100110001100001111010001
In base 9, what is 1257641 - 13?
1257627
In base 14, what is -8a41 - 1064?
-9aa5
In base 7, what is -16 - -1264610363?
1264610344
In base 14, what is 465b9ca - -16?
465ba02
In base 5, what is -4444 + -131101?
-141100
In base 10, what is -4149799 + -445?
-4150244
In base 8, what is -113051 + -1774?
-115045
In base 8, what is 30 - -114241112?
114241142
In base 11, what is -248a - -1205?
-1285
In base 3, what is -222221201 - 120111002?
-1120102210
In base 6, what is -4 + -1120512501?
-1120512505
In base 10, what is -19 - -159181?
159162
In base 10, what is 25009074 - 34?
25009040
In base 16, what is -a4c + 2505?
1ab9
In base 16, what is 295bd3 - 11?
295bc2
In base 14, what is 2b - -1a6761?
1a678c
In base 4, what is 3300 + 2021001130?
2021011030
In base 3, what is 2 + -22112011201211210?
-22112011201211201
In base 15, what is 68a09a2 - -3?
68a09a5
In base 7, what is 101310523 - 14?
101310506
In base 7, what is -16 - -56224610?
56224561
In base 16, what is -26 - 7310e?
-73134
In base 5, what is 1033000 + -242?
1032203
In base 16, what is 6ff73 - 1f?
6ff54
In base 15, what is -10 + 16771d?
16770d
In base 11, what is -4 - -6a16a40?
6a16a37
In base 8, what is -764 + 1552?
566
In base 3, what is 22 - 21010012111011?
-21010012110212
In base 11, what is 20042a10 - 4?
20042a07
In base 12, what is 69445 + -459?
68ba8
In base 3, what is 12002 - -1220200201?
1220212210
In base 7, what is 44 + 13313266?
13313343
In base 8, what is 244167360 - -4?
244167364
In base 2, what is -100011010001110111101001 - -11?
-100011010001110111100110
In base 12, what is -15aa169 - 4?
-15aa171
In base 10, what is 3051 + 523?
3574
In base 3, what is -2020220010021101 + -10?
-2020220010021111
In base 9, what is 1 - -7744545?
7744546
In base 4, what is 10321112332 + 1002?
10321120000
In base 9, what is 123725 + 175?
124011
In base 4, what is -220300220 - 10303?
-220311123
In base 2, what is -1110001101000000001000001 + -1?
-1110001101000000001000010
In base 15, what is -33ba834 + 18?
-33ba81b
In base 7, what is -46103 + 232?
-45541
In base 13, what is -6560bb5 - -10?
-6560ba5
In base 2, what is 10100111111001101010 + -101?
10100111111001100101
In base 10, what is 3552736 + 0?
3552736
In base 2, what is -101 - -11111001111110011100100?
11111001111110011011111
In base 6, what is -41412552 - 101?
-41413053
In base 13, what is -32 + -b51198?
-b511ca
In base 8, what is 6666 - 2335?
4331
In base 8, what is 61 + -3207130?
-3207047
In base 15, what is -acb8 + -a5?
-ad6d
In base 4, what is 1 + -1120231032102?
-1120231032101
In base 12, what is 28b19 + -195?
28944
In base 14, what is 7aac + -b698?
-39ca
In base 4, what is 12 - 10312111323?
-10312111311
In base 3, what is -1121220 - -1011001110?
1002102120
In base 11, what is 3 - -42159a9?
4215a01
In base 11, what is -5a088 + -2?
-5a08a
In base 14, what is -2a7c2 - -1c?
-2a7a4
In base 13, what is 976b94 + -38?
976b59
In base 9, what is 381 - 18261?
-17770
In base 6, what is -11103451003 + 5?
-11103450554
In base 11, what is 4 - -341943a2?
341943a6
In base 5, what is -1234 + 101441210?
101434421
In base 3, what is 11100 + -11212010211121?
-11212010200021
In base 4, what is 1110 + 30200003?
30201113
In base 11, what is 11 - -56555?
56566
In base 16, what is 13946 - 194d?
11ff9
In base 12, what is 2a9 - 51463?
-51176
In base 7, what is -14224 - 22356?
-36613
In base 7, what is 1256046222 - 5?
1256046214
In base 8, what is -5 + -7045542?
-7045547
In base 6, what is -31 - 251450?
-251521
In base 13, what is 18 - 3b73476?
-3b7345b
In base 8, what is 134545 + 324?
135071
In base 9, what is -1548248 - -12?
-1548236
In base 12, what is -57 + -3b575a?
-3b57b5
In base 8, what is -714 + 30501?
27565
In base 5, what is 1021333 + -14103?
1002230
In base 8, what is 15 + -3633651?
-3633634
In base 14, what is -1092 - -a3814?
a2762
In base 8, what is 322461223 + -4?
322461217
In base 13, what is 5 + 550c499?
550c4a1
In base 14, what is 7 + 9cb00?
9cb07
In base 2, what is 1011101011 - 100000100100101?
-11111000111010
In base 5, what is 10 - -1100240304?
1100240314
In base 10, what is 23 + 43281?
43304
In base 12, what is 333b919 - 2?
333b917
In base 12, what is -108924 + -38?
-108960
In base 9, what is -5030383 + 3?
-5030380
In base 2, what is -110001000101011111 - 10011?
-110001000101110010
In base 8, what is 0 - -4013275?
4013275
In base 14, what is 3 + -528cd14?
-528cd11
In base 12, what is -3bb - 2bbb?
-33ba
In base 15, what is -1b + 485d11?
485ce5
In base 13, what is 1 - 4363435?
-4363434
In base 3, what is -12101102210021001 + -1?
-12101102210021002
In base 13, what is -131b5aa5 - 4?
-131b5aa9
In base 10, what is 59 + 352433?
352492
In base 16, what is 50f47 - -33?
50f7a
In base 8, what is -52571 - -41242?
-11327
In base 9, what is -4870323 + -5?
-4870328
In base 14, what is 8c68b676 - 5?
8c68b671
In base 2, what is -101001111011000101100 - 10100100?
-101001111011011010000
In base 7, what is -6 - -434262155?
434262146
In base 13, what is -104b - -2a237?
291b9
In base 16, what is 12b0 - -768?
1a18
In base 14, what is -8b83 + -2296a?
-2b70d
In base 7, what is 2134344 - 1152?
2133162
In base 11, what is a99313 - 1?
a99312
In base 9, what is -13 - -746570?
746556
In base 4, what is 11220102 - 1031?
11213011
In base 11, what is 40220a13 - 5?
40220a09
In base 2, what is -10 - -1101000000100111100011000?
1101000000100111100010110
In base 13, what is 15a76 - 672?
15404
In base 8, what is -53366036 - 202?
-53366240
In base 5, what is -33313 - 10400?
-44213
In base 4, what is 302102333 - 12213?
302030120
In base 10, what is 153706 - 326?
153380
In base 16, what is -5c074 + -d?
-5c081
In base 7, what is 50164003 + -43?
50163630
In base 16, what is -31 - 6d29?
-6d5a
In base 14, what is 5a644031 + -3?
5a64402c
In base 14, what is 59 + 12a30?
12a89
In base 14, what is -d - -219d?
2190
In base 5, what is -14103 + -114021?
-133124
In base 10, what is 2205845 + -2?
2205843
In base 10, what is 3348779 - -3?
3348782
In base 6, what is -100211502 + -5?
-100211511
In base 9, what is 1034 + 1166388?
1167433
In base 15, what is -35 + 17ba67?
17ba32
In base 11, what is 68776635 - -3?
68776638
In base 14, what is -339b944 - -2?
-339b942
In base 9, what is -1 - 5568311?
-5568312
In base 10, what is 169052 + 21?
169073
In base 3, what is -22 - 10020011202211?
-10020011210010
In base 5, what is -3 - 21410244412?
-21410244420
In base 16, what is 5446 + 4?
544a
In base 9, what is -237 - 831402?
-831640
In base 4, what is 3022232 + -111302?
2310330
In base 15, what is 6a42e + 1e?
6a44d
In base 5, what is 112421 + 101320?
214241
In base 8, what is 2 + -1746351672?
-1746351670
In base 2, what is -10 + 100000001011010100011111010?
100000001011010100011111000
In base 11, what is 4 + 9659a85?
9659a89
In base 10, what is 1061 + -207036?
-205975
In base 9, what is 11078387 - 1?
11078386
In base 7, what is -66105420 + 16?
-66105401
In base 9, what is -347 - -14132?
13674
In base 11, what is -1 + -1122364?
-1122365
In base 11, what is 70928 + -158?
70780
In base 8, what is 322351 - -272?
322643
In base 15, what is -a68e2 - -18?
-a68c9
In base 5, what is 10443220 - 33?
10443132
In base 15, what is 96d + -c?
961
In base 12, what is b248 + 914?
bb60
In base 5, what is -1 + 411310040?
411310034
In base 16, what is -6a480 + c?
-6a474
In base 11, what is -744 - -1a87?
1343
In base 9, what is 5075 + -4440?
535
In base 9, what is -62 - 6177742?
-6177814
In base 4, what is -131002101022 + -1?
-131002101023
In base 12, what is -2279 - 4823?
-6aa0
In base 2, what is -110100000100101111010010 + -10?
-110100000100101111010100
In base 12, what is 55339 - 108?
55231
In base 2, what is -1 - -11011011110111011111?
11011011110111011110
In base 6, what is 2144213243 + 141?
2144213424
In base 13, what is -31ac9b7 - -4?
-31ac9b3
In base 2, what is -10110 + -10010001010010111?
-10010001010101101
In base 4, what is -132 + 32011232?
32011100
In base 7, what is 1654 + 12323?
14310
In base 11, what is